t q be 2 - (2 + (-2 - 2)). Let g(u) = q + 0*u + 2*u - 3*u. Let o(d) = 19*d**2 + 134*d + 9. Let p be o(-7). Determine g(p).
2
Let v(x) be the second derivative of 11*x**3/3 - 7*x + 3. Give v(-1).
-22
Let f(t) = -3*t**3 + t**2 + t + 1. Suppose -5*j + 25 = -5*y, 2 + 3 = -4*y - j. Calculate f(y).
27
Let d(f) = -f**2 - 5*f + 5. Let a be d(-5). Suppose -4*b = k + 19, -5*k + 16 = -4*k - 3*b. Let y(s) = s + 5 + 2*s - 5*s + k. Determine y(a).
-4
Let l(o) be the first derivative of 4*o**2 - 1/4*o**4 - 11 + 2*o**3 + o. Give l(7).
8
Let h(r) = 6*r**3 - 2*r**2 + 1. Suppose -f + 0*m - m = 0, -f + 3*m = -4. Give h(f).
5
Let q = 938 + -943. Let m(n) = 2 + 2 + n + 7. Calculate m(q).
6
Suppose 0*q - 15 = -3*q. Suppose -t + q*c - 21 = 0, 6*t - 5*c = 3*t - 13. Let m(p) = p**3 - 3*p + 0*p**2 - 2*p**3 - t*p**2. What is m(-3)?
0
Let y(q) be the first derivative of q**3/3 + 11*q**2/2 + q + 101. What is y(-11)?
1
Let p(z) = z**2 - 5*z + 5. Let d(u) be the second derivative of u**3/6 + u**2/2 + 12*u. Let y be d(4). Determine p(y).
5
Suppose 0 = 5*h + 5*u + 50, 0*u - 5*u - 25 = 0. Let k(y) be the second derivative of -y**3/6 - 9*y**2/2 - 4*y. Give k(h).
-4
Let h(u) be the first derivative of u**4/4 + u**2/2 - 3*u - 325. Calculate h(3).
27
Let z(w) be the second derivative of -w**4/12 - 7*w**3/6 - 456*w. Let n be 1 + (-1 - -1) + 19. Suppose n = -4*m - 8. Calculate z(m).
0
Let y(a) = 5*a - 2. Let t(o) = -9*o + 3. Let x(z) = 6*t(z) + 11*y(z). Suppose -3*j = 5 - 20. Suppose 3*r + 3*k - 4*k = 18, 0 = 4*r + 5*k - j. Give x(r).
1
Let d(x) = -x - 8. Suppose 7*h + 48 = 3*h. Give d(h).
4
Let l(z) = 0*z - 10*z + 49 + 48 - 100. Give l(-3).
27
Let d(o) be the second derivative of -o**7/2520 + o**5/40 - 4*o**4/3 - o. Let q(f) be the third derivative of d(f). Give q(-3).
-6
Let o(i) = i**3 - 7*i**2 + 4*i + 3. Let m be 1 - ((-4)/(-22) + 31/11). Let w(c) = -c + 4. Let b be w(m). Give o(b).
-9
Let b(v) = -3 - 5*v + 3. Suppose 85 = c - 5*g + 68, 5*c - 1 = 4*g. What is b(c)?
15
Let c be 0 + (-2 - 1) + (-99)/(-22). Let m(k) be the second derivative of -1/2*k**3 - 1/4*k**4 - c*k**2 + 0 - 3*k. Calculate m(-2).
-9
Let k(y) = -y**3 - y**2 - 2*y - 2. Let d(j) = -6*j**2 - 50*j + 44. Let n(x) = -x**2 - 10*x + 9. Let c(l) = 2*d(l) - 11*n(l). Let r be c(9). Determine k(r).
6
Let v(r) be the second derivative of -5*r**3/6 - 8*r**2 - 2*r - 178. Calculate v(-3).
-1
Let o(f) = 8*f - 1. Let l = 8 + -6. Suppose b = 3*w - 18, -2*w + 4*b - 11 + 33 = 0. Suppose -2*c = 4*q + l*c - 12, 0 = -w*q - 3*c + 11. Calculate o(q).
7
Let d(p) be the first derivative of p**5/60 + 7*p**4/24 + p**3/2 - 3*p**2/2 + 5. Let g(x) be the second derivative of d(x). What is g(-5)?
-7
Let a(z) = -z**3 + 2*z + 4. Suppose 2*o - s + 3 = 0, 2*s - 4 = o - 7. Determine a(o).
25
Let o(b) = b**3 - 9*b**2 - 3*b - 16. Let n(l) = l**3 - 8*l**2 - l - 14. Let d(x) = -3*n(x) + 2*o(x). Calculate d(6).
-8
Let n(a) = -2*a**3 - 2*a**2 - 16*a + 2. Let f(q) = -3*q**3 - 5*q**2 - 30*q + 4. Let u(r) = -3*f(r) + 5*n(r). Calculate u(7).
-30
Let x(d) = -9*d + 2. Let o(a) = a - 2. Let n(f) = -3*o(f) - x(f). What is n(3)?
22
Suppose -7*j - 54 = -12. Let o be j - -3 - (-4)/1. Let q(s) = -8*s + 1. Give q(o).
-7
Let u be 38/(-323) - 12*11/34. Let s(m) = -1 + 2*m + 0*m - 3*m. Give s(u).
3
Let r(b) = 2*b**2 - 2*b**3 + 0 + 0 + 1. Let d(m) = 60*m + 62. Let f be d(-1). Determine r(f).
-7
Let u = -4 + -3. Let l = u + 6. Let b(p) be the second derivative of p**3 + 4*p. Calculate b(l).
-6
Let j(n) = 28*n - 1. Let w(q) = q**2 + 4*q + 1. Let c be w(-4). What is j(c)?
27
Let x be -1 - (3 - 3) - -1. Let h(u) = -19*u**2 - 1 + 18*u**2 + x*u - u. Give h(2).
-7
Let f(m) = -m**3 - m**2. Let l(c) be the first derivative of -3*c**4/4 - c**3 - c**2/2 + 2*c - 13. Let o(b) = 5*f(b) - l(b). What is o(-2)?
4
Let n(y) = y**3 + y**2 + y + 1. Let c be n(-1). Suppose c = 5*l - 4*l - 111. Let s(t) = -105*t + t**2 + 0*t**2 + 5 + l*t. What is s(-5)?
0
Let w(h) = h**3 - h**2 + h - 2. Let x be w(2). Suppose -5 = -x*b + 3. Let u(o) = 3*o + o**b + 7 + 4*o - 3 + 0. Give u(-4).
-8
Let m(n) = -n**3 - 22*n**2 + 25*n + 62. Let l be m(-23). Let r(u) = u - 1. What is r(l)?
15
Suppose -k = 4*a - 8 - 15, -4*a = -20. Let d(o) = 2*o**3 - 3*o**2 + 3*o. Let m(q) = -q**2 + q. Let h(p) = k*m(p) - d(p). Calculate h(-1).
2
Let c(m) = -7*m**2 - 17*m**3 + 8*m - 11*m + 16*m**3 - 2. Let x be -6 + 1/2*0. Give c(x).
-20
Let b(y) be the first derivative of -3*y**2/2 + 3*y + 138. Let n(h) = -h**2 - 4*h**3 + 3*h**3 + 0 - 4. Let p be n(0). Determine b(p).
15
Let b(x) = -2*x - 6. Let f = 1769 + -1761. Determine b(f).
-22
Let j(r) = r**3 - r**2 - r - 7. Let b = 91 + -132. Let l = 41 + b. What is j(l)?
-7
Let q = -15 - -11. Let f = -26 - -26. Let l(o) = -11 - o - 2*o + f + 5. What is l(q)?
6
Let p(h) = -h**3 - 10*h**2 + 3*h + 3 + 2*h**2 + 9*h**2. Let t(m) = 2*m - 6. Let o be t(-7). Let a = 23 + o. What is p(a)?
-6
Let z(o) = -3 - 4085*o + 2042*o + 2028*o. Give z(3).
-48
Let w(o) = 27*o + 8. Let s(l) = -31*l - 9. Let f(g) = -6*s(g) - 7*w(g). What is f(7)?
-23
Let u(y) = 12*y**3 + 2 + 5*y**2 - 3*y**2 - 2*y + 0 - 1. Calculate u(1).
13
Suppose 0 = 18*m + 87 - 15. Let c(n) = -6*n**2 + 2 - 4*n + n**2 + 4*n**2. Give c(m).
2
Let s(f) = -2*f + 16. Let g be s(6). Suppose 6*n + g = -20. Let p(b) = b**3 + 3*b**2 - 5*b - 1. Determine p(n).
3
Let s be 1/((-4)/16*4). Let n(d) be the second derivative of -5*d**4/12 - d**3/6 + d. Calculate n(s).
-4
Let m(r) = -r**3 - 5*r**2 - 7. Let f(a) = a**2 + 5*a + 3. Let o be f(-7). Suppose -w + 4*y - o = 0, 3*w - 2*y + 26 = -w. Give m(w).
-7
Let c(g) be the second derivative of -g**7/840 + g**6/72 - g**5/40 - g**4/24 - 2*g**3/3 - 4*g. Let z(y) be the second derivative of c(y). What is z(3)?
8
Let z(d) be the second derivative of -d**5/60 - 11*d**4/24 - 5*d**3/3 + 15*d**2 - 4*d. Let w(p) be the first derivative of z(p). Determine w(-8).
14
Let f(c) be the first derivative of -3*c**2/2 - 4*c - 124. Give f(-3).
5
Let a be -1 - -1 - (7 + -5). Let c be 1/((-5 - a)/(-3)). Let d(r) be the second derivative of -r**3/6 + r**2 + 18*r. What is d(c)?
1
Let n(v) = 870*v - 4 - 4*v**2 - 874*v + 0. What is n(-3)?
-28
Let b be 20/(-4)*(-18)/15. Let k be -1*4 + b + -2. Suppose k = -4*w + 6*w - 4. Let d(n) = n**3 - 3*n**2 + n + 2. Calculate d(w).
0
Let p(w) be the first derivative of -w**2/2 - w + 20. Calculate p(6).
-7
Let n(o) be the first derivative of -o**2/2 + 4*o + 1. Let t(b) = -b**2 - 10*b - 6. Let f be t(0). Let k be f*10/(-15) + 2. Give n(k).
-2
Suppose u - 40 = -0*u. Suppose 5*q = 5 + u. Let w(i) = 6*i - 12 + 5*i**2 + 0*i**3 + q - i**3. Determine w(6).
-3
Let p(j) be the first derivative of j**5/40 - 3*j**4/8 - 3*j**3 - 15. Let x(o) be the third derivative of p(o). Calculate x(6).
9
Suppose -i = i - 12. Suppose 0 = d + r + 5, -d - 2*d - 2*r = 10. Let p(z) = -4 + 1 + z - 1 + d. What is p(i)?
2
Suppose -5*i + 4*i + 3 = 0. Let b(a) = a**3 - 4*a**2 + a - 6. Let h(f) = 2*f**3 - 7*f**2 + 2*f - 12. Let v(k) = i*h(k) - 5*b(k). Determine v(0).
-6
Let d(c) = -3 - c**3 - 3*c - 5*c**2 + c + 2*c**2. Let n(r) be the first derivative of r**4/4 - 7*r**3/3 - 3*r + 15. Let t be n(7). Give d(t).
3
Let j be (-1184)/144 - -11 - (-2)/9. Let z(d) be the first derivative of 2 - d + 1/3*d**j - 3*d**2. What is z(6)?
-1
Let s(p) = p. Let i(r) = 5*r - 2. Let f(g) = -i(g) + 6*s(g). Let y(a) = -a**3 - 4*a**2 - 3*a - 3. Let k be y(-2). What is f(k)?
-3
Let a(r) = 1 + 37*r**3 + 44*r**3 + 36*r**3 - 123*r**3. What is a(1)?
-5
Let j(a) = 19*a + 10. Let v(m) = -4*m + 1. Let l(n) = j(n) + 5*v(n). Calculate l(4).
11
Let f = 887 + -887. Let p(m) be the third derivative of 0*m + 0 + 6*m**2 - 1/24*m**4 + f*m**3. Give p(3).
-3
Let z(y) be the first derivative of 3/2*y**2 - 2*y + 3 + 1/4*y**4 + 4/3*y**3. Suppose -5*c = -3*c - g + 10, 5*g - 5 = -5*c. Determine z(c).
-2
Let k(j) = j**2 - 1. Suppose 496 = 3*m + 4*a, -4*m + 3*a - 256 + 909 = 0. Let u = 161 - m. Determine k(u).
8
Suppose -5*q = g - 15, 4 = q + g + 1. Let h be -1*(q - 4/(-1)). Let v(t) = t**3 + 7*t**2 + 2*t + 8. Determine v(h).
-6
Let y be (2 - 0)*(-1 + (-33)/(-6)). Let r(g) = 0*g - g + 3*g - 3*g - y. Let x(d) = d**3 - 3*d**2 - 7*d + 6. Let n be x(4). Give r(n).
-3
Let c(v) = 5*v**2 + 2*v - 1. Suppose 0 = -7*o - 19*o + 26. Give c(o).
6
Let k(a) = a**2 - 6*a + 4. Let o = -92 - -96. Calcul